ate the remainder when w/6*(-4 + 178) is divided by h.
28
Let c(f) = f**2 + f. What is the remainder when 17 is divided by c(-2)?
1
Let u(v) = 2*v**3 + 7*v**2 - 2*v - 16. Calculate the remainder when u(4) is divided by 20.
16
Suppose 8*s - x = 5*s + 62, 0 = 4*s - x - 83. Calculate the remainder when 73 is divided by s.
10
Suppose b = 6*b - 10. Suppose -3 = n - b*n. Suppose -2*d + 68 = 3*j, -n*d + 133 = 3*j + 37. What is the remainder when 80 is divided by d?
24
Let c = 209 - 53. Suppose c = 21*r - 18*r. Calculate the remainder when r is divided by 18.
16
Suppose 2*b + 2*b + 48 = 2*x, -4*x - 60 = 4*b. Let v = 27 + b. Calculate the remainder when v is divided by 2.
0
Let q = 1548 + -1540. Calculate the remainder when 661 is divided by q.
5
Let j = -554 - -821. Suppose 4*b - 3*h = j, -2*h = -h - 3. Calculate the remainder when b is divided by 10.
9
Suppose 5*p - 4*n = 305, 7*p - 2*n = 6*p + 61. Calculate the remainder when 238 is divided by p.
55
Suppose 488 = 4*j - 60. What is the remainder when j is divided by 70?
67
Let q(r) = 4*r**2 + 75*r + 432. What is the remainder when q(-6) is divided by 10?
6
Suppose 0*j - 11*j = -561. What is the remainder when 167 is divided by j?
14
Let j = 11 - -10. Let y = j - 18. Suppose -40 = -5*r + r. Calculate the remainder when r is divided by y.
1
Suppose 8*b - 2702 = -142. Calculate the remainder when b is divided by 55.
45
Suppose 3*r - 4*j - 20 = 29, -3*j + 10 = 2*r. Suppose c - 18 = 34. What is the remainder when c is divided by r?
8
Let x(r) = -r**3 + 13*r**2 - 10*r - 3. Let b be x(12). What is the remainder when 10 is divided by (-17)/(-51)*(b + 1 + -1)?
3
Let n be (-4)/(-2*4/1496). What is the remainder when 2/(56/n) + (-2)/(-7) is divided by 8?
3
Suppose -7*c + c + 168 = 0. Calculate the remainder when 167 is divided by c.
27
Let q = -190 + 389. Suppose -6*m - q = -661. What is the remainder when (-4 - 0) + 4 + m is divided by 26?
25
Suppose -3*s = 12, 3*b - b - 32 = -2*s. Calculate the remainder when 57 is divided by b.
17
Let a(u) = -12*u - 31*u - 14 - 2*u**2 - 14*u + 4*u**2. Calculate the remainder when 51 is divided by a(29).
6
Let k = 34 + -32. Suppose k*r - 87 = -r. Calculate the remainder when 57 is divided by r.
28
Suppose o + 12 - 17 = 0. Suppose 0 = 3*h + 4*r - 42, 14 - 56 = -3*h + 2*r. What is the remainder when h is divided by o?
4
Let h be ((-3)/2)/(1/(-16)). Let l be ((-40)/(-6))/(h/36). Let t = 23 - l. Calculate the remainder when 24 is divided by t.
11
Let c(v) = v**3 + 10*v**2 - 13*v - 171. Let i(w) = -2*w**3 + 2*w**2 - 2*w + 1. What is the remainder when i(-3) is divided by c(-9)?
25
Suppose 66 = 6*j - 3*j. Suppose 0 = -6*o - 82 - 140. Let g = 49 + o. What is the remainder when j is divided by g?
10
Suppose -2*d + 9 + 12 = -3*n, 0 = -4*d - 4*n + 12. What is the remainder when 81 is divided by d?
3
What is the remainder when (-333)/(-5)*150/45 is divided by 46?
38
Let v = -15 - -45. Calculate the remainder when 87 is divided by v.
27
Let p = -5 - -8. What is the remainder when 140 is divided by p?
2
Suppose 0*x + 1115 = 5*x - 5*r, x = 4*r + 217. What is the remainder when x is divided by 6?
3
Let i be (70/(-5) + 5)/(-3). Suppose 510 = -i*d + 8*d. What is the remainder when d is divided by 15?
12
Suppose 3*v + 126 = 21*v. Suppose -v*q - 11 = -32. What is the remainder when 10 is divided by q?
1
Suppose -4*v = -3*i - 15, 1 = 3*v - 4*v - 4*i. Suppose 2*c + 2*w + 6 = 0, -3*w = -v*c - 19 + 4. Calculate the remainder when 1*47/c*-4 is divided by 12.
11
Let f be 2*(-2)/4 - 3. Let q = f - -7. Suppose -4*l - 21 = -33. Calculate the remainder when l is divided by q.
0
Let q(f) = f**2 + f - 10. Let w be q(-4). Suppose 0 = -3*l - l + 3*g + 32, -w*g = l - 19. Calculate the remainder when l is divided by (-3)/(-2)*14/3.
4
Let r(m) be the second derivative of -2*m**3/3 + 2*m**2 + 3*m. Let c(i) = i - 1. What is the remainder when r(-3) is divided by c(7)?
4
Suppose -2*y = -5*n - 495 - 643, -n + 2276 = 4*y. What is the remainder when y is divided by 114?
113
Let c = -33 - -128. Calculate the remainder when c is divided by 48.
47
Let z(l) = 10*l**2 + 3*l + 4. Let c be z(-2). Let k be (-5 + 1)/(1/(-16)). Let w = c + k. Calculate the remainder when w is divided by 15.
12
Suppose -4*v + 7*v + 3*q = 447, -2*v = -q - 301. Calculate the remainder when v is divided by 79.
71
Suppose s - 2 = -s. Suppose 21 = -2*b + 203. What is the remainder when b is divided by (1 - 5*s)*(-736)/128?
22
Let w(d) = d**3 + 14*d**2 - 20*d - 48. What is the remainder when w(-12) is divided by 37?
36
Let m be (2 - (2 + 4))/(-1). Let f(u) = -u**2 + 7*u - 8. Let n be f(m). Let o(l) = 2*l**2 + 11*l - 7. Calculate the remainder when o(n) is divided by 35.
34
Let b(l) = l**3 - 2*l**2 - 3*l + 89. Calculate the remainder when b(0) is divided by 13.
11
Let o = 220 - 317. Let h = o + 117. What is the remainder when 59 is divided by h?
19
Suppose -8 = -d + 4. Suppose -q + 54 = q + 2*k, 2*k = 3*q - 91. What is the remainder when q is divided by d?
5
Let b(k) = 2*k**2 - 3*k - 3. Suppose -416 = -21*n - 122. What is the remainder when b(6) is divided by n?
9
Suppose -3*p = 3, 4*p + 35 = -2*k + 15. Let a = k - -37. Calculate the remainder when a is divided by 7.
1
Suppose 0 = -4*s + 22 - 2. Suppose -c - 20 = -s*c. Suppose -c*l = -l - 72. What is the remainder when 52 is divided by l?
16
Let q = -81 - -142. What is the remainder when 667 is divided by q?
57
Suppose 3*q - 4*p = -8*p + 22, -4*p + 12 = 2*q. Calculate the remainder when 668 is divided by q.
8
Let b(c) be the first derivative of 2*c**3/3 - c**2 - c + 8. Calculate the remainder when 19 is divided by b(-2).
8
Let r(d) = d**2 + 2*d + 9. Let a = 5 + -8. Let q(o) = -2*o**2 - 5*o - 18. Let h(i) = a*q(i) - 5*r(i). What is the remainder when 27 is divided by h(-6)?
12
Suppose -2 = -2*m + 18. Suppose -2*p - p = -5*l + 96, -4*l = -2*p - 76. Calculate the remainder when l is divided by m.
8
Let r = 3097 - 3054. Let j(q) = 4*q - 5. What is the remainder when r is divided by j(5)?
13
Let n be (0 - -3)*(-18)/(-3). Suppose 0 = -2*m - 2*k + 24, -m + n = -0*k + 3*k. What is the remainder when 33 is divided by m?
6
Let w = 1518 + -1488. What is the remainder when w is divided by 4?
2
Suppose 50 = 2*c - 0*c. Let v = c - 14. Let o = v - -8. What is the remainder when o is divided by 5?
4
Suppose 0 = 4*b - 238 - 470. Calculate the remainder when b is divided by 12.
9
Let k(r) = -r**3 - 3*r**2 + 2*r + 2. Let i be k(-4). Let x be (-30)/(-5) + (-4)/1. Let u = i + x. What is the remainder when 32 is divided by u?
8
Suppose j + 8 = 5*j. Suppose -j*i + 13 = p, p - 5*i + 0*i - 6 = 0. Suppose 2*u - u = 20. What is the remainder when u is divided by p?
9
Let v = 335 + -332. Let x(s) = -s**3 + 7*s**2 - 8*s - 5. Suppose -5*g + 115 = 3*j, 2*g - 48 = -3*j - 11. What is the remainder when g is divided by x(v)?
5
Let d be 4/(-18) - 372/27. What is the remainder when (-1 + -13)*12/d is divided by 0/2 + (-10)/(-5) + 3?
2
Suppose 3 = 3*n - 0, -33 = -3*y - 3*n. Let q be (0 - -1)/((-2)/(-12)). Suppose 0 = -2*u + 40 - q. Calculate the remainder when u is divided by y.
7
Suppose 118*z - 15909 + 5289 = 0. Calculate the remainder when 195 is divided by z.
15
Suppose 59 = 2*c + s, 5*c - 178 = 5*s - 23. What is the remainder when 181 is divided by c?
1
Let q = -790 - -845. What is the remainder when 64 is divided by q?
9
Suppose -i - 36 = -2*i. Calculate the remainder when i is divided by 64/180*9*(5/2)/1.
4
Let n = 84 - 78. Suppose -3*p = -2*r + 27, 2*p - 36 = 6*p - 3*r. Let w = p + 18. Calculate the remainder when w is divided by n.
3
What is the remainder when (5514/21 - -1) + (-63)/(-147) is divided by 53?
52
Suppose 1740*y + 60 = 1743*y. What is the remainder when y is divided by 4?
0
Let o = -24 + 28. Suppose 3*s + 2*y - 355 = 0, 242 = 5*s - 3*s + o*y. What is the remainder when s is divided by 60?
57
Suppose -73*c + 237 = -70*c. Calculate the remainder when c is divided by 14.
9
Suppose 36 = 5*p - p. Suppose p*r = 6*r + 9. Let i = r + 3. Calculate the remainder when 23 is divided by i.
5
Let g(u) = 2*u**3 - 11*u**2 + 6*u + 9. Calculate the remainder when 53 is divided by g(5).
11
Let f(n) = n + 33. Suppose -c - 2*x = -34, -x + 59 = -c + 3*c. Let g = 50 - c. What is the remainder when g is divided by f(-21)?
10
Suppose 1